) = m**2 - 3*m + 1. What is b(n)?
5
Suppose 7*h - 3 = 6*h. Let b(g) = -9*g - 5*g + 16*g - 1 + h. What is b(-6)?
-10
Let y(m) = m - 2. Suppose -3*l + p + 2 + 1 = 0, 3*p + 1 = 5*l. Suppose 5*z - o - l = o, 4*z + 4*o + 4 = 0. Let n = z + 3. Give y(n).
1
Let k(i) = -i**2 + i - 11. Let g(t) be the second derivative of 2*t + 4*t**2 + 3/2*t**3 + 0 + 1/12*t**4. Let v be g(-8). Determine k(v).
-11
Let a(t) = -t**3 - 3*t**2 + 1. Suppose -5*f - 4 = -3*f. Give a(f).
-3
Let g(k) = -3*k**2 + 11*k + 8. Let j(t) = -4*t**2 + 12*t + 9. Let h(p) = -3*g(p) + 2*j(p). Calculate h(8).
-14
Let j(n) = -n + 5. Let s be j(6). Let l be ((-4)/(-3))/(2/3). Let q(k) = k - 3*k**2 + 5*k**2 - l*k. Determine q(s).
3
Suppose -h = 3*d - 6*d - 8, -3*d - 16 = -5*h. Let o(a) = -a**3 - a**2 + a - 1. Calculate o(d).
1
Let k be (-13)/78 - (-98)/12. Let c(o) = -o**3 + 7*o**2 + 7*o + 9. What is c(k)?
1
Let k = -3 + 4. Let v(c) = -11*c**3 + c + 7*c**2 + 0*c**2 - 8*c**2. What is v(k)?
-11
Let o = -5 - -2. Let z(k) = -6 + 2 - 4*k + 2*k. What is z(o)?
2
Let v(z) = -z - 1. Let r be 16/6*(-12)/8. What is v(r)?
3
Suppose 4*m - 2*k = 28, -3*k - 2*k - 35 = -3*m. Let p(x) = x. Let l(b) = b - 1. Let s(i) = 2*l(i) - 3*p(i). What is s(m)?
-7
Let j(y) = 6*y**3 + 1 + 8*y**3 - 5*y**3 + y. Determine j(-1).
-9
Let h(k) = 82*k - 40*k - 42*k + 4 - k**3 - 10*k**2. Give h(-10).
4
Let h = -38 - -44. Let g(q) = 2*q**3 + 5*q**2 + 0 - 3*q**3 - 2 + 8*q. What is g(h)?
10
Let f(g) = g**3 - 2*g - 1. Let k = -21 - -23. Give f(k).
3
Let l(w) be the first derivative of -w**4/2 + 4*w**3/3 - 3*w**2/2 + 2*w + 3. Let q(a) = a + 2. Let f = 2 - 2. Let y be q(f). Give l(y).
-4
Let r(z) = -z - 5*z + 3*z + 4*z. Calculate r(-4).
-4
Let a(k) = -k**2 + 24*k + 55. Let i be a(26). Let d(u) = u**2 - 3*u + 2. Determine d(i).
2
Let r(n) = -n**2 + 3*n - 3. Let k be r(4). Let f(z) be the second derivative of -z**3/6 - z**2 + 12*z. Calculate f(k).
5
Let b(c) = 10*c**3 - 2*c**2 + c + 2. Let y be 5 + 0 - 3 - 4. Let h(u) = -11*u**3 + 3*u**2 - 2*u - 3. Let j(r) = y*h(r) - 3*b(r). Calculate j(-1).
7
Let r(m) be the first derivative of 3*m**4/4 - 7*m**3/3 + 2*m**2 + 2*m - 1. Let y(x) = 4*x**3 - 10*x**2 + 6*x + 3. Let c(t) = -7*r(t) + 5*y(t). Determine c(-1).
-1
Let q = 9 - 7. Let o(t) be the first derivative of -3 + t + 0*t**q - 7/3*t**3. Determine o(-1).
-6
Let y(f) = -f**2 - 6*f**2 + 3 + 8*f - f. Let u(w) = -10*w**2 + 10*w + 4. Let v(b) = 5*u(b) - 7*y(b). What is v(0)?
-1
Suppose 4*k + q = -42, k - 2*q + 22 = 7. Let s = k - -5. Let g(n) = n**3 + 7*n**2 + 4*n - 8. Determine g(s).
4
Let y(a) = 2*a - 2. Let s be y(1). Let v(t) = t**2 + 6. Give v(s).
6
Suppose -5*f - 3*z = 54, -2*z - 3*z = -f - 22. Let x = 17 + f. Let j(n) = n**2 - 5*n + 4. Give j(x).
4
Let m(k) be the third derivative of -1/12*k**4 + 0*k - 1/6*k**3 + 0 + 3*k**2. Let z be (-1)/(1/1)*-1. Determine m(z).
-3
Let p(j) = -j**3 + 6*j**2 - 4*j - 5. Let z(a) = -a**2 + 9*a - 7. Let s be z(8). Let g be s*(7 - 0 - 2). Give p(g).
0
Let y(m) = -7*m**2 - 2. Let s(a) = -13*a**2 - a - 4. Let l(v) = -6*s(v) + 11*y(v). Determine l(-4).
-6
Suppose -2*q + 4*k - 4 = 0, 2*k - 5 = q - k. Let b(w) = 5*w**3 - 5 - 2*w**3 + 4*w - 2*w**3 - 5*w**2. What is b(q)?
-5
Suppose 0 = -f - f + 8, -4*t = -f - 4. Let u be (-6)/(-9)*(-3)/(-2). Let h(g) = g**2 + u + 0 + g**2 - 2*g**3. Calculate h(t).
-7
Let f be (-2)/(-3)*4/8. Let m(o) be the first derivative of -5/2*o**2 - f*o**3 - 6*o + 1. Calculate m(-4).
-2
Let a(h) be the first derivative of h**2/2 - 3*h + 7. What is a(5)?
2
Let r = 9 + -4. Suppose -7 = -l + c, -l + 29 = 3*l - r*c. Suppose -4*t - l = -2*t. Let n(f) = f**3 + 3*f**2 + 3. Calculate n(t).
3
Let p(z) be the second derivative of z**5/20 + z**4/3 - z**3/6 - 2*z**2 + z. Let v be p(-4). Suppose -i + v = 4. Let k(m) = m - 1. Calculate k(i).
-5
Let g = 74 + -76. Let t(u) = -4*u**2 + u + 2. Give t(g).
-16
Let h(j) = -4 - 7*j**2 - 7*j + j**2 - 2*j**3 + j**3. Let k be h(-5). Let z(w) = w - 5. Give z(k).
1
Let o(h) = -1 - 32*h**2 + 31*h**2 + 10. Give o(0).
9
Let p(h) be the third derivative of 2*h**2 + 0 + 0*h - 1/20*h**5 + 0*h**4 - 1/120*h**6 + 1/6*h**3. What is p(-2)?
-3
Let h(s) = -5*s**2 + 15*s + 1. Let v(b) = 3*b**2 - 8*b. Let c(o) = 4*h(o) + 7*v(o). Let x = -1 + -3. Give c(x).
4
Let s(p) = 25*p - 17. Let y(w) = -13*w + 9. Let u(i) = 6*s(i) + 11*y(i). Determine u(2).
11
Let w(l) = -5*l + 8. Let y(m) = 65*m - 105. Let o(u) = -40*w(u) - 3*y(u). Let t = -29 - -26. Let g(s) = -6*s + 4. Let c(z) = t*o(z) - 2*g(z). What is c(5)?
-8
Let m = -7 - -4. Let s(a) = -3*a**2 - 2*a - 2. Let k(c) = -8*c**2 - 5*c - 6. Let x be -3 + 2 + (-9)/3. Let y(g) = x*k(g) + 11*s(g). Calculate y(m).
-1
Let x(b) = -b**3 + 7*b**2 - 4*b - 6. Let g = -9 - -23. Suppose -f + 3*f = 3*a - g, -3*a - f + 20 = 0. What is x(a)?
6
Let j(w) = -2*w**2 - 3*w + 1. Let t be 14/4 + 1/(-2). Suppose 0*n + t = -n. Calculate j(n).
-8
Let l(r) = -3*r**2 - 6 + 8*r + 0*r**2 - 10*r + 7. Calculate l(1).
-4
Suppose -f - 5 = -4*d + 13, -2*f = 4*d - 12. Let n(j) = -6*j - 3*j + 5*j - 1. Determine n(f).
7
Let d(c) = -9*c + 3*c - 3 + 4. Suppose 0 = -4*m - i + 3 + 2, -2*i - 1 = -3*m. Determine d(m).
-5
Let y(v) = 18*v + 7 - 9*v + 0 - 8*v. Give y(-3).
4
Let h be 3/2*60/18. Suppose 13 + 12 = h*g. Let c(r) = -r - 1. Calculate c(g).
-6
Let h(k) = 2*k + 1. Suppose 2*a - 5 - 5 = 0. Let z(q) = -q + 4. Let s be z(a). Determine h(s).
-1
Let j(n) = n - 8. Let b be j(0). Let w be ((-3)/(-2))/(6/b). Let k = w + 4. Let q(x) = -x + 3. Determine q(k).
1
Let g(r) be the third derivative of -1/8*r**4 + 0*r + 3*r**2 + 0 + 0*r**3. Suppose 0 = 4*q + 3*f + 8, -q + f + 2 + 3 = 0. Give g(q).
-3
Let s(b) = -b**3 + 35 - 37 + b**2 - 2*b**2 + b. Give s(0).
-2
Suppose -3*r = -6 + 3. Let h(f) = -9*f + 1. Calculate h(r).
-8
Let p(d) = -d**2 - 8*d + 2. Let h = 20 + -26. What is p(h)?
14
Let h be 1*((-2)/(-5))/(1/5). Let y(x) = 3*x**3 - 2*x**2 - x + 1. Determine y(h).
15
Suppose 0 = 2*n - 5*n - 3*i + 114, 3*n + i - 118 = 0. Suppose -4*q + 28 = -3*o, -5*q + n = -o - 4*o. Let t(l) = l**3 - 5*l**2 + 4*l - 1. Determine t(q).
-1
Let w = -5 + 4. Let m(i) be the third derivative of -i**8/5040 + i**7/5040 - i**5/60 - 2*i**2. Let h(t) be the third derivative of m(t). Determine h(w).
-5
Let j(g) = -5*g**2 + 3*g**2 + g**3 + 6*g - 3*g**2 - 4. Suppose 0 = 4*a - 5 - 7. Suppose -s + 1 = -a. Calculate j(s).
4
Let w(s) = s**2 - 3*s + 1. Suppose 0 = -6*t + t + 10. What is w(t)?
-1
Let o(w) be the second derivative of w**3 - w**2/2 + w. Let y be ((-6)/9)/(6/(-9)). Calculate o(y).
5
Let m(q) be the third derivative of -q**6/180 - q**5/20 + q**3/3 + 2*q**2. Let x(u) be the first derivative of m(u). Give x(-4).
-8
Let c(g) = 1 + g**2 - 5*g - 2*g + 4*g. Determine c(4).
5
Let f(c) = -c + 5. Let q be 1 + -1 - (-20 + 15). Suppose -28 = 3*g + q*p, -3*p = 5*g + 17 + 19. Determine f(g).
11
Suppose -f - 4 = 2*h - 18, -20 = -2*h - 4*f. Let p(i) = i - 5. Determine p(h).
1
Let a(b) = -7*b + 7. Let k(u) = 4*u - 3. Let r(x) = 3*a(x) + 5*k(x). Let h be (-4)/(-6) + (-2)/3. Determine r(h).
6
Let l = -10 + 1. Let z = l + 14. Let a(g) be the first derivative of g**3/3 - 5*g**2/2 + 3*g + 2. Calculate a(z).
3
Let d(g) = -3*g**2 - g**3 + 9 + 9*g + 7*g**2 + 4*g**2. Give d(9).
9
Let z(p) = 4*p**2 + 2*p + 4. Let f be z(-1). Let c(g) = g**3 - 7*g**2 + 6*g + 4. Calculate c(f).
4
Let u(c) = c**3 + c**2 + c - 2. Suppose 3*p - p = 6. Suppose 0 = 4*y - p*y. Give u(y).
-2
Suppose -7 = 3*p - 4*o, -3*o + 27 = 5*p - 0*o. Let h(w) = 6*w - 2*w - p*w - 4. What is h(3)?
-1
Let t(a) be the third derivative of 1/60*a**5 + 0*a - 3*a**2 - 1/180*a**6 + 0*a**3 + 0 + 1/12*a**4. Let c(s) be the second derivative of t(s). Calculate c(-2).
10
Let r(s) = s**3 - 4*s**2 + s + 3*s**2 - 4*s**2 + 4*s. Determine r(4).
4
Let i(h) = -8*h**2 - 12705*h - 5 - h**3 + 12696*h - 2. Let l = 7 + -14. Determine i(l).
7
Let v(r) = 3*r**2 - r - 2. Let w(d) = d**3 - d**2 + d - 8. Let s be w(0). Let o = -6 - s. Determine v(o).
8
Suppose 2*x = -4*w - 1 - 5, 4*w + 4*x = -12. Let n(r) = -r + 16. What is n(w)?
16
Let y be 9/(-2)*16/12. Let t(u) = -3*u + 1. Give t(y).
19
Let r(k) = k. Suppose 31 = -f + 5*g, -5*f + 0*f = 4*g + 10. Let h = 11 + f. Give r(h).
5
Let f(b) = -b - 1. Suppose -2 = -2*z + 8. Suppose 0 = z*c - c + 12. Give f(c).
2
Let f(t) be the third derivative of t**6/120 + 7*t**5/60